 4*o + 7. Let y(f) = f**3 - f**2 - f - 1. Let k(z) = j(z) - 3*y(z). Let h be k(9). What is the units digit of 5 - h - 8 - -7?
3
Suppose 0 = 3*w - 6*w + 9. Suppose -4*r + 2*h - 5 = -163, -1 = h. Suppose q - 4*q - r = -3*f, -4*f + w*q = -56. What is the tens digit of f?
1
Let y(o) = 2 + 5 + 2 - 4 - 3 - 7*o. Let x be 6/9*3*-1. What is the tens digit of y(x)?
1
Let q = 97 - 78. Let x = -16 + 24. What is the units digit of q/2 - 12/x?
8
Suppose 0 = -162*y + 156*y + 4218. What is the tens digit of y?
0
Let c(s) = -9*s + 225. Suppose 0 = x - 0*x. What is the tens digit of c(x)?
2
Let l(w) = 5*w**2 + 473*w - 241*w - 1 - 242*w. What is the hundreds digit of l(-4)?
1
Let z(m) = -11 - 7*m + 8*m**2 + m**2 - 12*m**2 + 4*m**2. What is the units digit of z(13)?
7
Let n be -3 + (-3 - -4) - -12. Suppose -192 = -n*x + 2*x. What is the units digit of x?
4
Suppose 0 = -k - 0*k + 882. What is the tens digit of k?
8
Let l be (-1)/(-3 - -2) - (-179 - 0). Let z = l - 120. What is the tens digit of z?
6
Let n = 1469 + 718. What is the units digit of n?
7
Suppose 0 = 6*w - 7*w + 30. What is the units digit of (225/w)/(-1 - (-22)/20)?
5
Let s(a) be the third derivative of a**5/60 - a**4/8 - 3*a**3/2 - 17*a**2. What is the units digit of s(6)?
9
Let w(d) = -4*d**2 + 93*d + 19 + 3*d**2 - 94*d + 10. What is the tens digit of w(0)?
2
Let r = -119 + 119. What is the units digit of 22 + r*1/(-3)?
2
Let x be (133 + 3)/(-4) + 1. Let a = x - -25. Let j = 53 + a. What is the units digit of j?
5
Suppose 4 = u - 2. Let w = -10 + u. What is the units digit of (w - -3)*-1*1?
1
Suppose 4*v - 3*v = 4, o - 47 = -5*v. Let m = -9 + -7. Let h = o + m. What is the tens digit of h?
1
Suppose j + 2*m - 7 = -0, -2*j + 2*m = -26. Let i(u) = -u + 9. Let a be i(j). What is the tens digit of 2 - (-1)/(a/(-50))?
2
Suppose -3*j - 20 = -5*v, 4*j + 8 = 3*v - 4. Suppose 4*n - 252 = g - 0*g, 4*n + v*g = 272. Let s = n - 31. What is the tens digit of s?
3
Let t = -79 + 81. Suppose 701 = 4*w - 5*d, 3*w + d - t*d = 512. What is the hundreds digit of w?
1
Let t = 13 + -10. Suppose -5*o - 2 = -t*o. What is the units digit of (3/(-9))/(o/69)?
3
Let q(c) = 3*c**2 + 10*c + 20. Let f be q(-5). Let y = -28 + f. What is the units digit of y?
7
Let r = 15 - 7. Let i be r/4 - -2 - -98. Suppose 0 = -a + 7*a - i. What is the tens digit of a?
1
Let p(u) = 731*u**2 - 59*u - 1. What is the thousands digit of p(2)?
2
Suppose 0 = d - 6*d + 50. Suppose d = -5*r - 10. What is the tens digit of (12/r - -6)*7?
2
Let x(f) = 7*f - 15. Let r be x(7). Let j = -21 + -1. Let v = j + r. What is the tens digit of v?
1
What is the hundreds digit of 2091/(-85)*(30/(-2) - 0)?
3
Let w(j) = j + 1. Let d be w(-3). Suppose 8*y + 44*y + 3120 = 0. What is the units digit of (y/(-21))/(d/(-7))?
0
Suppose -72*n - 15288 = -85*n. What is the tens digit of n?
7
Suppose 0 = -3*c - 68 + 71. What is the units digit of c - (-2 + 2) - -158?
9
Let v = -2822 + 4764. What is the tens digit of v?
4
Suppose w = 5*o - 3725, -2*o + 6*o + 2*w - 2980 = 0. What is the hundreds digit of o?
7
Suppose -3 + 24 = 3*a. Let s(m) = 10*m - 17. What is the tens digit of s(a)?
5
Suppose 5*v = -21 + 1. What is the units digit of v/18 - (-326)/9?
6
Let y = -11 - -10. Let t be (2 - (5 + -4))/y. What is the units digit of (-9)/t + (10 - 6)?
3
Let p(i) = -3*i + 10. Suppose 8 = -0*o + 4*o. Suppose 3*k = a + 2, o*a - 5*k + 10 = -2*k. What is the tens digit of p(a)?
3
Let l = 8 - -1. Let b(n) be the first derivative of n**3/3 - 5*n**2/2 - 14*n + 5. What is the units digit of b(l)?
2
Suppose 15*l = 14*l + 2016. Suppose -14*q + l = -6*q. What is the hundreds digit of q?
2
Suppose -2*u + u - 5*f = 0, -3*u + 5*f + 20 = 0. Suppose u*w - 3*d - 49 = 0, 4*d = 5*w - 27 - 25. What is the units digit of w?
8
Let d(q) = 2*q**2 + 23*q + 151. What is the hundreds digit of d(-16)?
2
Suppose 0 = -7*p - 9 + 9. Let t(q) = 3*q + 8 - 4*q + 2*q. What is the units digit of t(p)?
8
Let l = 10 + -10. Let u be -1*(-3 + l + -2). What is the tens digit of 2/u + 1230/50?
2
Let q(k) = -15*k**2 + 2*k - 7. Let h be q(-4). Let p = h - -423. What is the tens digit of p?
6
Let j be 28*(2 + (-6)/4). Let d = -13 + j. Let h = d - -8. What is the units digit of h?
9
Suppose -2316 = -3*l - 3*l. What is the hundreds digit of l?
3
Let p = -26 - -15. Let a(j) = -13*j - 6*j**2 - j**3 - 4 + 4 - j**2 - 5*j**2 - 15. What is the units digit of a(p)?
7
Let p be -4 + 0 + 5 - 3. Let s(y) = 12*y**2 - y - 5. Let l(v) = 35*v**2 - 3*v - 14. Let q(m) = 6*l(m) - 17*s(m). What is the units digit of q(p)?
7
Let i be 60/(-27) + (-4)/(-18). What is the units digit of ((-34)/4)/(i/12)?
1
Let p(v) = v - 2. Let w = -2 + 7. Let z be p(w). Suppose -3*j - 2*j = l + 3, 4*j = z*l - 48. What is the units digit of l?
2
Suppose 3*g - g - 252 = 0. Suppose -i - 7 + 6 = 0. What is the units digit of g/7 - (i + 4)?
5
Let m(p) = 3*p + 11. Let j be m(-2). Suppose 70 = z + j*s, -4*z - 5*s + s + 296 = 0. What is the tens digit of z?
7
Let h = 25 - 41. Let i be h/(-12) + (-349)/3. What is the tens digit of (-8)/(-32) - i/4?
2
Let r be 21/(-35) + 7/(-5). What is the units digit of 44 - ((4 - r) + -2)?
0
Suppose -235 = -z + 423. What is the tens digit of z?
5
Let x be (-4 - (-5 + 3)) + 14. Suppose l - x = -4*l - z, -3*z - 6 = l. Suppose -2*h = 8, 2*s + l*h = 6*h + 102. What is the tens digit of s?
4
Suppose 11*d - 19*d = 1112. What is the units digit of 0/(-1) + (0 + -1)*d?
9
Let y = 549 + -327. Let l = y - 127. What is the units digit of l?
5
Let d be (-1074)/9*1/2*-3. Suppose k - 358 = -2*h, -h + 2*k = -k - d. What is the tens digit of h?
7
Suppose z - 4 = -3*l + l, l = 3*z - 5. Suppose -z*f - 4*c = -24, 5 = 3*f - c - 17. Suppose 468 = f*h + h. What is the tens digit of h?
5
Let f be -2 + 3 + -4 + 7. Suppose 2*x - 217 = f*c - 7*c, -c + 81 = 5*x. Let r = c - 41. What is the tens digit of r?
3
Suppose 0 = -3*x - 456 + 144. Let h(g) = 27*g - 6. Let o be h(-2). Let v = o - x. What is the tens digit of v?
4
Suppose -19 + 7 = -6*f. Suppose -5*g + 524 = -2*w, w - 1 - f = 0. What is the units digit of g?
6
Let m = 0 - -16. Let o be m/(8/(-220)*-5). Suppose -o = -10*u + 6*u. What is the tens digit of u?
2
Let y(s) = 3*s**2 - 42*s + 40. What is the thousands digit of y(-16)?
1
Suppose -11*u + 231 = -13684. What is the hundreds digit of u?
2
Suppose 4*r - 3 - 1 = 0. Let t be r/(6 - 3)*237. Suppose -4*c + 17 = -t. What is the tens digit of c?
2
Let r(j) = -j**3 + 11*j**2 - 21*j - 3. Let s be r(9). What is the units digit of (-3)/12 - s/24?
1
Let t(r) = -82*r - 58. What is the units digit of t(-6)?
4
Suppose -30 = 5*q - 6*q. Let p = q - 17. What is the units digit of p?
3
Suppose -2*m = -2 - 26. What is the tens digit of (m/(-8))/((4/1)/(-608))?
6
Suppose -3*x + 3*z - 122 = 190, 411 = -4*x - z. Let h = -60 - x. Let f = 64 - h. What is the tens digit of f?
2
Suppose 0 = -12*m + 13*m + 50. Let y = -71 - -38. Let c = y - m. What is the units digit of c?
7
Let z be (63/(-3))/(3/2). Let f(s) = -14*s**2 + 2. Let d be f(1). Let i = d - z. What is the units digit of i?
2
Suppose 10476 = 16*p + 2*p. What is the units digit of p?
2
Let h(o) = -o**2 - 3*o + 680. Let t be h(0). Suppose -215 = -5*v + t. What is the hundreds digit of v?
1
Let c = 97 - 153. What is the tens digit of -3 + 7 + -2 - c?
5
Suppose -17 - 15 = -8*v. Suppose 6*p + v*p - 3250 = 0. What is the units digit of p?
5
Let a(v) = -v**3 - 5*v**2 - 5*v - 2. Let w be a(-4). Suppose -16 - 52 = -w*l. What is the tens digit of l?
3
Let y = -15 + 1. Let h(i) = -i**3 + 2*i**2 - 2*i - 2. Let f be h(-2). Let a = f + y. What is the units digit of a?
4
Let p = -21 + 24. Suppose -p*z - 3*z = 24. What is the units digit of 48/(-15)*10/z?
8
Suppose -5*t + 10*t = -25. Let c(h) = -h**3 - 2*h**2 + 7*h - 1. Let a be c(t). Let p = a - 23. What is the units digit of p?
6
What is the units digit of 4/5 + 14736/80?
5
Let m(x) = 3 - 26*x**2 + 0*x + 93*x**2 + x - 5. What is the tens digit of m(1)?
6
Let c be (-2)/((-5)/(1035/6)). Suppose -5*z + 21 = -c. Let d = -11 + z. What is the units digit of d?
7
Let h(i) = i**2 - i + 1. Let v be h(2). Suppose 0 = q - g - 7, -q - 4*q + 5 = g. Suppose -q*d = -v*d + 22. What is the units digit of d?
2
Let j = -30 - -5. Suppose 7*u + 2*u - 396 = 0. Let o = j + u. What is the units digit of o?
9
Let y be 